e 14
8b5922
14134530 (base 6) to base 16
75036
-41222 (base 7) to base 8
-23515
What is -73788 (base 14) in base 16?
-4406c
Convert -32002112210 (base 4) to base 11.
-2093639
What is 21300020303 (base 4) in base 2?
1001110000001000110011
-4a7ab (base 14) to base 13
-65183
What is 1480ac9 (base 13) in base 7?
106415555
What is -8086 (base 14) in base 3?
-1010021102
What is 103256 (base 7) in base 12?
a49b
470074 (base 10) to base 7
3665323
Convert 330cb2 (base 13) to base 8.
4453107
-42300540 (base 6) to base 16
-12de6c
-243234022 (base 5) to base 16
-11894e
Convert 168162 (base 15) to base 7.
12161063
-1011001110101001110100 (base 2) to base 13
-7c0aa1
Convert 41b47 (base 12) to base 5.
10230221
10af9 (base 16) to base 9
113668
What is -1011020012102 (base 3) in base 6?
-21101445
Convert 22453321 (base 6) to base 3.
1022010121111
5857e (base 16) to base 6
11431130
4262341 (base 8) to base 16
1164e1
What is 413104434 (base 5) in base 8?
6347154
What is 4f0c1 (base 16) in base 4?
1033003001
What is -13202401 (base 5) in base 4?
-200020101
What is -1906455 (base 11) in base 15?
-43bd85
What is a32b03 (base 14) in base 9?
11314122
-10120000011 (base 3) to base 16
-11164
-23471725 (base 9) to base 2
-101011101001110111110111
What is -1100101100000101101101 (base 2) in base 6?
-155143341
-7d497b (base 14) to base 3
-22001021222100
-527c52 (base 14) to base 6
-135425252
Convert -189c58 (base 14) to base 11.
-5463a0
5076 (base 10) to base 2
1001111010100
What is -2020021011122 (base 3) in base 11?
-740241
1163064 (base 12) to base 11
199887a
Convert 187c5 (base 15) to base 5.
10020020
What is 2662843 (base 9) in base 16?
1641ff
What is 6663783 (base 9) in base 8?
15532157
Convert 2100100210122 (base 3) to base 12.
5018b2
What is -1330022030 (base 4) in base 16?
-7c28c
Convert 1011000110000001101100 (base 2) to base 12.
b83038
Convert 110171 (base 12) to base 4.
1001313211
-2234083 (base 9) to base 12
-4a0686
Convert d0ce7 (base 16) to base 9.
1543181
-36357021 (base 8) to base 9
-16022626
1231475 (base 9) to base 10
670343
Convert -a367a5 (base 13) to base 8.
-16427371
What is 1106713 (base 9) in base 8?
2212763
Convert -3896571 (base 11) to base 16.
-66e5e9
Convert -102022002201 (base 3) to base 5.
-24104133
-26000 (base 12) to base 14
-14c6c
What is 1146799 (base 12) in base 15?
45b6a3
Convert 3553305 (base 7) to base 2.
1101101111001111000
Convert -577b17 (base 12) to base 5.
-324344021
What is 1303806 (base 12) in base 11?
212403a
Convert 11001100001011000 (base 2) to base 13.
38773
-2461106 (base 8) to base 13
-1aa997
Convert 47a60 (base 15) to base 2.
110111110001110001
What is 831169 (base 13) in base 16?
2eab30
-173628 (base 9) to base 7
-625631
Convert 13245243 (base 8) to base 5.
1224440402
Convert 1111001110000111001 (base 2) to base 14.
cda89
What is -346067 (base 8) in base 11?
-80575
Convert -10001110110011011 (base 2) to base 10.
-73115
What is -36304b (base 12) in base 3?
-1122111212012
40150 (base 10) to base 5
2241100
Convert -a34a4 (base 12) to base 14.
-579da
Convert 2244020140 (base 5) to base 14.
95b599
-4360883 (base 9) to base 7
-25625622
Convert -39ea3 (base 16) to base 14.
-62643
What is -14353404 (base 6) in base 14?
-cd27a
Convert -34020245 (base 7) to base 10.
-2946158
-14479 (base 15) to base 14
-19a4b
Convert 36eeb (base 16) to base 10.
225003
168169 (base 12) to base 9
650240
Convert -64244b (base 12) to base 3.
-2222021101112
120602 (base 14) to base 4
2112112122
What is -6228a (base 12) in base 9?
-214847
Convert -251661 (base 15) to base 11.
-1003944
What is 8383e (base 16) in base 14?
100458
-28c805 (base 14) to base 6
-50214221
What is 70455 (base 9) in base 15?
dabb
Convert 551250 (base 7) to base 5.
11042031
What is -1243162 (base 9) in base 13?
-1a9861
-11200021122112 (base 3) to base 7
-30061514
-10663346 (base 7) to base 3
-1202202102212
What is -2462024 (base 8) in base 9?
-1247114
What is 1470a5 (base 11) in base 9?
378166
Convert 1837038 (base 10) to base 4.
13000133232
-8e4dc (base 16) to base 6
-20254300
-15464641 (base 7) to base 5
-340320432
4b053 (base 15) to base 11
154102
What is 31301310102 (base 4) in base 16?
371d12
Convert -4301341 (base 5) to base 7.
-420123
-4150254 (base 6) to base 8
-610432
What is 244cc1d (base 14) in base 2?
1000010010111111000101011
What is -1293a1 (base 12) in base 13?
-a960c
What is -474559 (base 12) in base 3?
-2011100000020
Convert 11100111100110011001 (base 2) to base 5.
220324013
Convert 1103211 (base 4) to base 9.
7303
What is 413306 (base 7) in base 16?
1149b
What is -1041134 (base 5) in base 4?
-10131312
What is -996aab (base 16) in base 7?
-151313605
Convert -a955 (base 11) to base 2.
-11100001111011
What is 10020101210121 (base 3) in base 16?
1a3fe6
201001112102012 (base 3) to base 7
152040305
101450 (base 16) to base 3
1222112111202
-11000111010110110 (base 2) to base 15
-2039a
What is 547853 (base 9) in base 3?
121121221210
1110010010100011 (base 2) to base 16
e4a3
Convert 1600241 (base 8) to base 13.
130b60
Convert 442130233 (base 5) to base 2.
111010010101000010110
109acac (base 14) to base 3
112212121221002
Convert -50c6c (base 14) to base 8.
-573740
Convert -211321100033 (base 4) to base 16.
-97940f
51212433 (base 6) to base 4
11211113211
-11909e (base 16) to base 3
-2011111001121
What is -2791 (base 12) in base 6?
-33101
What is 75a4b9 (base 12) in base 15?
26c236
-43034231 (base 5) to base 3
-200101022121
Convert -32312031 (base 4) to base 12.
-2b239
23212303132 (base 4) to base 12
102887a
-11021011011 (base 3) to base 4
-110133223
305a5 (base 14) to base 5
12210443
1101044 (base 7) to base 6
2520115
-121003414 (base 5) to base 6
-20022224
-8004 (base 11) to base 16
-299c
1123620 (base 7) to base 12
69443
What is -13140165 (base 8) in base 2?
-1011001100000001110101
1960a (base 12) to base 15
b027
3b0ba (base 16) to base 7
2025050
What is -13431032420 (base 5) in base 8?
-102415767
Convert 133330103333 (base 4) to base 9.
16672252
What is 85a0 (base 11) in base 12?
66ab
-35345230 (base 6) to base 12
-452216
Convert -54496 (base 14) to base 8.
-616304
What is 25403301 (base 6) in base 13?
22b697
Convert -59991 (base 13) to base 2.
-101000000101111001
2020042 (base 5) to base 16
7f0a
Convert -30303302 (base 5) to base 16.
-3b9ea
-10430013 (base 5) to base 13
-33150
-11111100110111101 (base 2) to base 13
-46c12
Convert -10132643 (base 8) to base 16.
-20b5a3
Convert 438 (base 16) to base 7.
3102
-1052255 (base 7) to base 12
-63612
What is -351a20 (base 11) in base 6?
-15551333
Convert -1b4bcb (base 13) to base 3.
-1022101010002
What is 128267 (base 10) in base 3?
20111221122
What is 237192 (base 11) in base 4?
1123230030
What is -10110100001000000 (base 2) in base 7?
-532606
4a179a (base 14) to base 12
a258a4
Convert 40545214 (base 8) to base 4.
200230222030
What is -2025521 (base 8) in base 9?
-1005353
Convert -878308 (base 10) to base 3.
-1122121210221
1001011010100100111100 (base 2) to base 3
11122101200012
Convert 22100220100 (base 3) to base 15.
33bdc
What is -184877a (base 11) in base 12?
-106b4ab
-178526 (base 10) to base 11
-112147
-74538 (base 14) to base 16
-44956
Convert -425640 (base 8) to base 15.
-2c22a
31240303 (base 5) to base 2
111111001100001100
-13233530 (base 6) to base 3
-211100211100
What is 30a7c (base 16) in base 9?
333335
Convert -233030111 (base 5) to base 2.
-100000011110111010110
223320311033 (base 4) to base 16
af8d4f
Convert 11011011100100011111000 (base 2) to base 5.
3320213442
What is -111211020210 (base 3) in base 7?
-2212203
87732 (base 9) to base 2
1110001101001011
What is 4162416 (base 9) in base 12?
8b4220
-125b58 (base 12) to base 8
-1113064
What is -53102 (base 12) in base 14?
-2ba26
204403033 (base 6) to base 14
691b2d
-21030221030 (base 4) to base 16
-24ca4c
What is -101110101101101 (base 2) in base 6?
-302421
-1012201102111 (base 3) to base 5
-131102032
What is 71605 (base 12) in base 6?
3100005
What is -325143450 (base 6) in base 3?
-101222222220110
What is 322222410 (base 5) in base 13?
38b417
-324272 (base 8) to base 15
-2233a
2020120021120 (base 3) to base 10
1192119
Convert -18db71 (base 15) to base 14.
-23739d
Convert 2661265 (base 7) to base 12.
14b18a
5d433 (base 14) to base 7
1641263
-1a541 (base 15) to